 - 11 = u. Is -2 + (447 + 4 - u) a prime number?
False
Suppose 0 = -4*z + 4*w + 1016, -4*z + 3*z - 3*w = -262. Suppose -4*c = -d - 507, 2*c - 4*c = 2*d - z. Is c prime?
True
Let m be 11/(-33) - (17/3 + 0). Let i = 28 + m. Is i a prime number?
False
Is (-21 + 22)*(0 - -36699)/3 a composite number?
True
Suppose 2*b = -0*b + 6. Is (-3)/b - 2*-106 a prime number?
True
Let c(r) = -801*r + 6. Let a be c(8). Let x = a - -10393. Is x a prime number?
False
Suppose 0 = x + 3*x. Suppose x = 4*l - 19 + 3. Suppose -l*t = 5*b - 1673, -b + 1697 = 4*b - 4*t. Is b a composite number?
False
Suppose -4*m = 4, 5*f = 4*m - 5306 + 19405. Is f prime?
True
Let t(p) = -14*p**3 + 5*p**2 - 3*p. Let b be t(-5). Suppose 0 = 3*g - 5*i - 1902, b + 646 = 4*g - 5*i. Is g a prime number?
False
Let w(u) = -41*u**3 + 12*u**2 + 25*u + 1. Is w(-3) a prime number?
False
Suppose -u = -4*u + l + 1, 2*u + 2*l - 14 = 0. Suppose -1406 = 5*g + 4*h, -u*g + 552 = -4*g + h. Let f = 137 - g. Is f composite?
True
Let s(x) = 631*x**2 + 11*x - 11. Is s(7) composite?
True
Let o = 14495 + -10294. Is o a prime number?
True
Suppose -5 - 7 = -h - 3*v, v + 17 = 2*h. Suppose -h*y + 13*y - 236 = 0. Is y a prime number?
True
Suppose 12*z - 5036 = 8*z. Is z a prime number?
True
Let w(n) = 24*n - 13. Let y = -2 - -10. Is w(y) composite?
False
Is ((-8)/((-96)/(-53706)))/((-2)/4) prime?
True
Let c(n) = -155*n - 18. Let s be c(-4). Suppose -5290 = -4*d + s. Is d a prime number?
False
Let x = 4516 - -4263. Is x a prime number?
True
Let z = -13 + 17. Suppose z*b = -0*b + 1652. Is b prime?
False
Let i(u) = u**3 + 7*u**2 + 9*u - 1. Let y be i(-5). Suppose y*z + 15 = 9*z. Suppose -z*n + 1175 = -232. Is n prime?
False
Suppose 0 = 6*y - 17*y + 9823. Is y a composite number?
True
Let u(k) be the third derivative of -625*k**4/24 + k**3 + 14*k**2. Is u(-1) a composite number?
False
Suppose 3*l = 54315 - 3084. Is l a composite number?
False
Is (-630560)/(-34) + -1 - (-338)/2873 a composite number?
True
Let o be 3710/8 - (-3)/12. Suppose 6*c = 2*c - 5*u - 1856, u - o = c. Let g = 655 + c. Is g a composite number?
False
Let g(n) = 106*n - 5. Let v(k) = -212*k + 9. Let d(f) = 13*g(f) + 6*v(f). Is d(4) a prime number?
False
Suppose 15*r = 13*r + 6. Suppose r*a = -3*a + 132. Is a prime?
False
Suppose -18 = 10*l - 7*l. Let m(i) = 44*i**2 - 9*i - 5. Is m(l) prime?
False
Let f(u) = -u**3 - 7*u**2 - 8*u - 8. Let o = 38 - 44. Let x be f(o). Suppose x*m - m - 2265 = 0. Is m a prime number?
False
Let t = 3 + -1. Suppose -w - w + 4*q + 26 = 0, 0 = -4*w - 2*q + t. Suppose w*l = -4*v + 484, -12 = -l - 2*l. Is v a prime number?
False
Suppose 0 = -q - 6 - 15. Let f = q - -14. Let p(y) = y**3 + 8*y**2 + 4*y - 7. Is p(f) a prime number?
False
Let f(y) = -6*y + 9. Let x(w) = -w - 1. Let u(n) = f(n) + x(n). Is u(-14) composite?
True
Let q = 64014 + -44069. Suppose 2*g = -3*g + q. Is g a composite number?
False
Let t be 4/(-2)*(-207)/2. Let j = t + -47. Suppose -107 - j = -3*l. Is l a composite number?
False
Let o be 1 - -33 - (-4)/2. Let q = o - 8. Let i = q - -63. Is i a prime number?
False
Let n(v) = -v**3 - 4*v**2 + 5*v - 4. Let p be n(-5). Let s be -2 - ((-9)/(-3) - 4)*-1897. Is (p/(-6))/((-6)/s) composite?
False
Suppose 820 = 42*w - 38*w. Let g = w - -132. Is g prime?
True
Suppose -5 - 5 = -10*s. Is (-18 - -11)/(s/(-13)) composite?
True
Let h be (-2)/(-4) + (-3522)/(-12). Suppose -3*q = 4*q + 651. Let c = h + q. Is c a composite number?
True
Let s = -338 - -178. Let t = s - -291. Is t a prime number?
True
Suppose -5*q + 17607 = -2*q. Let n = -2852 + q. Is n a composite number?
True
Let v be 1/(-3) - 10/(-30). Let j be -2 - v/((-1)/1). Is (3 + -1)*(-185)/j a composite number?
True
Let k(a) = -a**3 - 8*a**2 - 3*a - 11. Let q be -4*(2 - (-1 + -1)). Let v = 8 + q. Is k(v) a prime number?
True
Let v(n) be the second derivative of 7/12*n**4 - 1/3*n**3 + 0 - 2*n**2 - 3*n. Is v(3) a prime number?
True
Let x = -1 + 1. Let q be -1*4/6 + 20708/93. Suppose x*i = 2*i - 2*r - q, -5*r = 3*i - 333. Is i a composite number?
True
Let y be (35/(-14))/(2/12). Let b = y + 20. Suppose -p = 3*r - 60, r + 85 = b*r + 3*p. Is r a prime number?
True
Suppose -5*r - q + 1478 = -22429, 3*q = 5*r - 23899. Is r a composite number?
True
Let z(o) = 2*o + 2. Let y be z(-4). Is 3902 - 1 - y/(-3) composite?
True
Suppose -4*u = -7*u - 7404. Let k = u + 3479. Is k a prime number?
False
Suppose -1053 = -3*w + 2961. Suppose 3*r + w = 9*r. Is r prime?
True
Let p(r) be the second derivative of r**3 + 907*r**2/2 - 12*r. Is p(0) composite?
False
Let w be (-36)/(-10) + 6/15. Suppose -3*n - w*j = -171, -j + 6*j = -4*n + 227. Is n prime?
True
Is ((-9)/(-6))/((-51)/(-1023502)) a prime number?
True
Suppose 2 = 2*s - 6, -2*s + 4 = 2*z. Is (377/(-2))/(1/z) a composite number?
True
Let m(r) = 77*r + 21. Let p be m(9). Is p - (1 + 2) - -2 composite?
True
Let p(g) = 25622*g**3 - g**2. Is p(1) composite?
False
Suppose 37 = -5*i + 2*s, s = -4*i - s - 44. Let q(f) be the third derivative of -7*f**4/12 + f**3/6 + f**2. Is q(i) a prime number?
True
Suppose 3*k = 3*o + 23697, 17199 + 14409 = 4*k - o. Is k a prime number?
False
Suppose 0 = -5*d + 255 - 90. Let a = 115 - d. Is a composite?
True
Suppose 5*m + 5*f - 5220 = 0, 1799 = 4*m - f - 2352. Is m prime?
True
Suppose -5*l = -2*s - 20, -l + 0 + 4 = 0. Suppose 0 = 9*p - 89 + 26. Suppose s = 5*w - p*w + 422. Is w composite?
False
Is (-9402)/(-4)*(-16)/(-12) composite?
True
Let u = 13507 - 7434. Is u a composite number?
False
Let x(p) = p**3 - 25*p**2 + 23*p + 28. Let r be x(24). Is (380/(-30))/(r/(-42)) prime?
False
Suppose -32*s = -28*s - 936. Let w = s - -251. Is w a prime number?
False
Is 6 + 3 - 83840/(-20) a composite number?
False
Let v = 4324 + -2139. Suppose -55 = 6*u - v. Is u a composite number?
True
Let h(c) = 2*c**2 + 4*c - 2. Let b(g) = -g**2 - 9*g + 7. Let p be b(-10). Let a be 57/(-9) + p/(-9). Is h(a) a prime number?
False
Suppose -5*z - 5*n = -6590, -5*z - n + 1934 + 4652 = 0. Is z composite?
True
Let m = -35 - -37. Let i(c) = 8*c**2 + 3. Is i(m) prime?
False
Let m(y) = -y**3 + y**2 - y + 607. Let c be m(0). Suppose -r + 2*j + 2*j = -c, -5*r + j + 2940 = 0. Is r composite?
False
Let d(h) = 10*h**2 - 23*h + h**2 + 2*h**2 + 29*h + 6. Let q(w) = w**2 - 7*w + 1. Let l be q(6). Is d(l) composite?
True
Let v be (0 - -12)*(-6)/(10 - 28). Suppose 3*i + 6 = 5*i. Suppose 2*m = -z + 17, i*z - 26 = -v*m + 21. Is z a prime number?
True
Suppose 2*q - 679 = -3*k + 22231, -22934 = -2*q + 3*k. Is q prime?
False
Suppose 0*r = z - 5*r - 801, -4*z - 3*r + 3204 = 0. Suppose z = 4*u + 5*v, -4*v - 1 = -5. Is u prime?
True
Suppose -2*g - 444 = -5*n, 2*g + 91 - 7 = n. Let l be n/(-20)*2/(-3). Suppose 4*r = -0*w - 3*w + 30, -l*r = w - 20. Is r a prime number?
False
Suppose -8*v + 12350 + 16882 = 0. Suppose 0 = -3*n - 753 + v. Is n prime?
True
Let r = -6662 - -9693. Suppose -r = -7*l - 420. Is l a prime number?
True
Let f(x) = 2*x**3 - x**2 + 2*x + 2. Let d be -5*1 + 8 + -6. Let q be 12/5 - d/5. Is f(q) prime?
True
Let t(d) = -d**2 + 6*d + 13. Let q be t(7). Let w(c) = 1 - 38*c + q - 2 - 16*c. Is w(-4) a prime number?
False
Let p = -71 - -101. Is (50/p)/((-2)/(-12)) a composite number?
True
Let l = -49 - -34. Let i be (84/l)/((-4)/430). Suppose -2*a = 4*x - 306, -2*x + i = 4*a + x. Is a a prime number?
True
Let g(x) = 7*x - 30. Let o be g(4). Is (6 - 725)*(6/o)/3 composite?
False
Let s be (-13 - 0)/(-2 + 3). Let b = -7 - s. Is (-4)/b - 2365/(-15) composite?
False
Suppose -4*c + 8*c + 22334 = 2*y, 5*y - 4*c = 55865. Is y a composite number?
False
Suppose 3*i - 2*a - 11 = 0, -2*i - 5*a = -6*i + 17. Suppose 0*s + s + 3*n - 2269 = 0, -6737 = -i*s + 5*n. Suppose -s - 407 = -3*o. Is o composite?
False
Let a be 3 - (-1298*10)/4. Let z = a + -1414. Let c = -1089 + z. Is c prime?
False
Suppose -2*o - 8*s = -3*s - 7, -4*o = 4*s + 4. Is (-2033)/o + 6/8 a prime number?
True
Suppose -2*z + 107597 = -10*g + 7*g, -2*g = 4*z - 215234. Is z a composite number?
True
Let d be 2/(2*(-2)/4). Let v be (-4 + 6)*(-3)/d. Suppose v*q = 0, q + 4*q + 3275 = 5*t. Is t a prime number?
False
Suppose 3*n - j - 3 - 2 = 0, 2*n - 8 = 3*j. Is (-5)/(-10)*(n + 1837) prime?
True
Let q be (-4)/12 + (-12417)/9. Let r = q - -1967. Is r composite?
False
Let x(f) = 102*f**2 - f - 14. Let j be 